{"id":504,"date":"2018-07-08T17:33:07","date_gmt":"2018-07-08T15:33:07","guid":{"rendered":"https:\/\/mensa-france.net\/ral-public\/?page_id=504"},"modified":"2021-04-28T15:04:19","modified_gmt":"2021-04-28T13:04:19","slug":"temoignage-des-membres","status":"publish","type":"page","link":"https:\/\/mensa-france.net\/ral-public\/temoignage-des-membres\/","title":{"rendered":"T\u00e9moignage des membres"},"content":{"rendered":"<div class=\"fusion-fullwidth fullwidth-box fusion-builder-row-1 nonhundred-percent-fullwidth non-hundred-percent-height-scrolling\" style=\"--awb-border-radius-top-left:0px;--awb-border-radius-top-right:0px;--awb-border-radius-bottom-right:0px;--awb-border-radius-bottom-left:0px;--awb-padding-top:20px;--awb-padding-bottom:20px;--awb-background-color:#cde0f7;--awb-flex-wrap:wrap;\" ><div class=\"fusion-builder-row fusion-row\"><div class=\"fusion-layout-column fusion_builder_column fusion-builder-column-0 fusion_builder_column_3_4 3_4 fusion-three-fourth fusion-column-first\" style=\"--awb-padding-top:10px;--awb-padding-right:10px;--awb-padding-bottom:10px;--awb-padding-left:10px;--awb-bg-color:#ffffff;--awb-bg-color-hover:#ffffff;--awb-bg-size:cover;width:75%;width:calc(75% - ( ( 4% ) * 0.75 ) );margin-right: 4%;\"><div class=\"fusion-column-wrapper fusion-flex-column-wrapper-legacy\"><div class=\"fusion-text fusion-text-1\"><h1 class=\"fusion-responsive-typography-calculated\" style=\"line-height: 1.4\" data-fontsize=\"32\" data-lineheight=\"44.8px\"><img decoding=\"async\" class=\"alignnone wp-image-796 size-fusion-200\" src=\"https:\/\/mensa-france.net\/ral-public\/wp-content\/uploads\/sites\/23\/2021\/04\/children-4682776_1920-200x133.jpg\" alt=\"\" width=\"200\" height=\"133\" srcset=\"https:\/\/mensa-france.net\/ral-public\/wp-content\/uploads\/sites\/23\/2021\/04\/children-4682776_1920-200x133.jpg 200w, https:\/\/mensa-france.net\/ral-public\/wp-content\/uploads\/sites\/23\/2021\/04\/children-4682776_1920-300x200.jpg 300w, https:\/\/mensa-france.net\/ral-public\/wp-content\/uploads\/sites\/23\/2021\/04\/children-4682776_1920-400x267.jpg 400w, https:\/\/mensa-france.net\/ral-public\/wp-content\/uploads\/sites\/23\/2021\/04\/children-4682776_1920-600x400.jpg 600w, https:\/\/mensa-france.net\/ral-public\/wp-content\/uploads\/sites\/23\/2021\/04\/children-4682776_1920-640x427.jpg 640w, https:\/\/mensa-france.net\/ral-public\/wp-content\/uploads\/sites\/23\/2021\/04\/children-4682776_1920-768x512.jpg 768w, https:\/\/mensa-france.net\/ral-public\/wp-content\/uploads\/sites\/23\/2021\/04\/children-4682776_1920-800x533.jpg 800w, https:\/\/mensa-france.net\/ral-public\/wp-content\/uploads\/sites\/23\/2021\/04\/children-4682776_1920-1024x683.jpg 1024w, https:\/\/mensa-france.net\/ral-public\/wp-content\/uploads\/sites\/23\/2021\/04\/children-4682776_1920.jpg 1200w\" sizes=\"(max-width: 200px) 100vw, 200px\" \/>T\u00e9moignages des membres<\/h1>\n<ul style=\"list-style-type: disc\">\n<li>\n<h3 class=\"fusion-responsive-typography-calculated\" style=\"line-height: 1.5\" data-fontsize=\"18\" data-lineheight=\"27px\">Philippe, ancien pr\u00e9sident de Mensa Rh\u00f4ne-Alpes<\/h3>\n<\/li>\n<\/ul>\n<p>Mensa, auberge espagnole<\/p>\n<p>Ce n&rsquo;est pas une vue de l&rsquo;esprit mais bien au contraire sa caract\u00e9ristique principale. Malgr\u00e9 le QI \u00e9lev\u00e9 en commun, c&rsquo;est autant de personnalit\u00e9s, d&rsquo;id\u00e9es, d&rsquo;exp\u00e9riences diff\u00e9rentes ou similaires qui viennent se c\u00f4toyer pour le bonheur de la rh\u00e9torique, de la d\u00e9couverte, de la confrontation et du brassage.<\/p>\n<p>Je tiens d&rsquo;ailleurs \u00e0 rappeler que sous l&rsquo;aspect \u00e9litiste de l&rsquo;association, nous acceptons des personnes de tous horizons ind\u00e9pendamment de leurs id\u00e9es politiques, de leurs appartenances ethniques ou religieuses.<\/p>\n<p>Cette ouverture totale a bien s\u00fbr son pendant, c&rsquo;est la libert\u00e9 d&rsquo;expression. Nous ne pouvons attendre une pens\u00e9e unique, en raison m\u00eame du fait que nous ne sommes pas sectaires, et nous nous devons de revendiquer ce droit et de l&rsquo;exprimer clairement. La tol\u00e9rance est une obligation de chacun, la censure est l&rsquo;argument des faibles. Ceci \u00e9tant je vous dis donc \u00e0 bient\u00f4t !<\/p>\n<hr \/>\n<ul style=\"list-style-type: disc\">\n<li>\n<h3 class=\"fusion-responsive-typography-calculated\" style=\"line-height: 1.5\" data-fontsize=\"18\" data-lineheight=\"27px\">Sandrine<\/h3>\n<\/li>\n<\/ul>\n<p>J&rsquo;ai pass\u00e9 les tests\u2026 je ne me souviens plus si c&rsquo;est fin 98 ou d\u00e9but 99. Je voulais avoir une vie associative int\u00e9ressante, et c&rsquo;\u00e9tait la seule asso dont j&rsquo;avais entendu parler qui \u00e9veill\u00e2t ma curiosit\u00e9. A quelques incompatibilit\u00e9s d&rsquo;humeur pr\u00e8s \u2013 ce qui, d&rsquo;ailleurs est le lot de toute asso \u2013 MENSA est hyper \u00e9panouissante, parce qu&rsquo;elle te fait rencontrer des tas de gens supers qui sont curieux de tout. J&rsquo;ai la chance d&rsquo;avoir un m\u00e9tier qui me fait beaucoup voyager, et je me suis fait inviter dans toutes les MENSAs locales (\u00c9cosse, Angleterre, US, Br\u00e9sil\u2026) Et ce qui est vraiment \u00e9panouissant, c&rsquo;est de voir que la curiosit\u00e9 intellectuelle, l&rsquo;ouverture d&rsquo;esprit\u2026 sont vraiment universelles\u2026 et les difficult\u00e9s que l&rsquo;on peut rencontrer aussi. Comme \u00e7a, on se sent universellement moins seuls\u2026Voil\u00e0. MENSA, c&rsquo;est une communaut\u00e9 de gens qui ont des tas de choses \u00e0 partager et \u00e0 apporter aux autres.<br \/>\nEn pratique, qu&rsquo;est-ce que \u00e7a change ? Ben, pas grand chose, si ce n&rsquo;est que de savoir qu&rsquo;il existe en ce bas monde des gens qui te comprennent, et avec lesquels tu n&rsquo;es pas d\u00e9cal\u00e9 en permanence. Et \u00e7a n&rsquo;est pas rien de le dire.<\/p>\n<hr \/>\n<ul style=\"list-style-type: disc\">\n<li>\n<h3 class=\"fusion-responsive-typography-calculated\" style=\"line-height: 1.5\" data-fontsize=\"18\" data-lineheight=\"27px\">Ingrid<\/h3>\n<\/li>\n<\/ul>\n<p>Mensa, pour moi, c&rsquo;est une source de d\u00e9couverte, d&rsquo;enrichissement par les diff\u00e9rences, une aventure humaine, une asso \u00e0 remuer\u2026 Beaucoup de choses \u00e0 faire, beaucoup de plaisir \u00e0 faire, une source d&rsquo;\u00e9changes extraordinaire.<\/p>\n<hr \/>\n<ul style=\"list-style-type: disc\">\n<li>\n<h3 class=\"\" style=\"line-height: 1.5\" data-fontsize=\"18\" data-lineheight=\"27px\">C\u00e9cile, ancienne pr\u00e9sidente de Mensa Rh\u00f4ne-Alpes<\/h3>\n<\/li>\n<\/ul>\n<p>Mensa c&rsquo;est quoi ?<br \/>\nMensa c&rsquo;est toi Mensa c&rsquo;est moi.<\/p>\n<p>Ce regard perspicace qui s&rsquo;efface en pensant que tout cela n&rsquo;a pas sa place et trouve enfin un lieu o\u00f9 d\u00e9verser ce trop plein de pens\u00e9es qui me d\u00e9passent et s&rsquo;encrassent \u00e0 ne pas trouver un espace o\u00f9 se d\u00e9lasser. Une divergence particuli\u00e8re qui va chercher sans fronti\u00e8res des id\u00e9es de toutes les mani\u00e8res.<\/p>\n<p>Pousser la porte, oser faire face \u00e0 cette cohorte de carr\u00e9s blancs point\u00e9s de noirs d\u00e9sordonn\u00e9s qui m&rsquo;aspirent \u00e0 venir jouer avec d&rsquo;autres qui ont les m\u00eames d\u00e9mangeaisons de raison avec passion.<br \/>\nApprendre \u00e0 ne pas comprendre que les autres pensent sans d\u00e9pense, et d\u00e9passer ce temps de latence en effervescence. Dans tous les sens je ressens ces fragrances s&rsquo;exhaler en moi.<br \/>\nSortie de l&rsquo;apathie, ennui de la vie, s&rsquo;ouvrir avec envie \u00e0 ceux qui rient sans soucis. Envie de partager mon app\u00e9tit, de provoquer des \u00e9tincelles dans les \u00e2mes rebelles empoussi\u00e9r\u00e9es en attente de r\u00e9veil. Pousser les extr\u00eames de notre pens\u00e9e ankylos\u00e9e pour d\u00e9couvrir des territoires inexplor\u00e9s \u00e0 inventer.<\/p>\n<p>Vous emporter dans mes rets pour filer vers l&rsquo;immensit\u00e9 \u00e9toil\u00e9e o\u00f9 chacune de vos lumi\u00e8res fait d\u00e9j\u00e0 briller notre univers.<\/p>\n<p>Mensa c&rsquo;est quoi ?<br \/>\nMensa c&rsquo;est moi, Mensa c&rsquo;est toi.<\/p>\n<p>Et \u00e7a n&rsquo;est pas rien de le dire.<\/p>\n<hr \/>\n<ul>\n<li>\n<h3 class=\"fusion-responsive-typography-calculated\" style=\"line-height: 1.5\" data-fontsize=\"18\" data-lineheight=\"27px\">Bruno<\/h3>\n<\/li>\n<\/ul>\n<p>Pourquoi Mensa ? pour v\u00e9rifier \u00e0 quel point Mensa est une soci\u00e9t\u00e9 \u00e9litiste compos\u00e9e de personnes qui se sentent sup\u00e9rieures.<\/p>\n<p>Pourquoi je reste ? parce que ce n&rsquo;est pas une association \u00e9litiste ! et je cherche encore qui se croit sup\u00e9rieur&#8230;<\/p>\n<p>Mensa Rh\u00f4ne-Alpes ce sont des personnes int\u00e9ressantes, bienveillantes, toujours volontaires.<\/p>\n<p>Une foule d&rsquo;activit\u00e9s, de la bonne humeur.<\/p>\n<p>Ma seconde maison.<\/p>\n<hr \/>\n<\/div><div class=\"fusion-clearfix\"><\/div><\/div><\/div><div class=\"fusion-layout-column fusion_builder_column fusion-builder-column-1 fusion_builder_column_1_4 1_4 fusion-one-fourth fusion-column-last\" style=\"--awb-bg-size:cover;width:25%;width:calc(25% - ( ( 4% ) * 0.25 ) );\"><div class=\"fusion-column-wrapper fusion-flex-column-wrapper-legacy\"><style type='text\/css'>.reading-box-container-1 .element-bottomshadow:before,.reading-box-container-1 .element-bottomshadow:after{opacity:0.7;}<\/style><div class=\"fusion-reading-box-container reading-box-container-1\" style=\"--awb-title-color:#424242;--awb-margin-top:0px;--awb-margin-bottom:84px;\"><div class=\"reading-box reading-box-center element-bottomshadow\" style=\"background-color:#ffffff;border-width:0px;border-color:#f6f6f6;border-top-width:3px;border-top-color:var(--primary_color);border-style:solid;\"><h2>Prochains tests<\/h2><div class=\"reading-box-additional fusion-reading-box-additional\">\n<\/div><div class=\"fusion-clearfix\"><\/div><a class=\"button fusion-button button-blue fusion-button-default-size button-default-size button-flat fusion-mobile-button continue-center\" style=\"-webkit-box-shadow:none;-moz-box-shadow:none;box-shadow:none;border-radius:2px 2px 2px 2px\" href=\"https:\/\/mensa-france.net\/nous-rejoindre\/etre-admis-a-mensa\/\" target=\"_self\"><span>S'inscrire<\/span><\/a><\/div><\/div><style type='text\/css'>.reading-box-container-2 .element-bottomshadow:before,.reading-box-container-2 .element-bottomshadow:after{opacity:0.7;}<\/style><div class=\"fusion-reading-box-container reading-box-container-2\" style=\"--awb-title-color:#424242;--awb-margin-top:0px;--awb-margin-bottom:84px;\"><div class=\"reading-box reading-box-center element-bottomshadow\" style=\"background-color:#ffffff;border-width:0px;border-color:#f6f6f6;border-top-width:3px;border-top-color:var(--primary_color);border-style:solid;\"><h2>Liens<br><\/h2><div class=\"reading-box-additional fusion-reading-box-additional\">\n<p><a href=\"https:\/\/mensa-france.net\/\"><img decoding=\"async\" class=\"alignnone wp-image-211\" src=\"https:\/\/mensa-france.net\/ral-public\/wp-content\/uploads\/sites\/23\/2017\/11\/Mensa_logo-1.png\" alt=\"Mensa France\" width=\"85\" height=\"40\" \/><\/a>\u00a0 <a href=\"https:\/\/www.youtube.com\/channel\/UCqA89gSQdai5Cm-ezf8-Ugg\"><img decoding=\"async\" class=\"alignnone wp-image-1181\" src=\"https:\/\/mensa-france.net\/ral-public\/wp-content\/uploads\/sites\/23\/2021\/04\/youtube-logo-en-carre.png\" alt=\"Youtube\" width=\"42\" height=\"42\" srcset=\"https:\/\/mensa-france.net\/ral-public\/wp-content\/uploads\/sites\/23\/2021\/04\/youtube-logo-en-carre-66x66.png 66w, https:\/\/mensa-france.net\/ral-public\/wp-content\/uploads\/sites\/23\/2021\/04\/youtube-logo-en-carre-80x80.png 80w, https:\/\/mensa-france.net\/ral-public\/wp-content\/uploads\/sites\/23\/2021\/04\/youtube-logo-en-carre-125x125.png 125w, https:\/\/mensa-france.net\/ral-public\/wp-content\/uploads\/sites\/23\/2021\/04\/youtube-logo-en-carre-150x150.png 150w, https:\/\/mensa-france.net\/ral-public\/wp-content\/uploads\/sites\/23\/2021\/04\/youtube-logo-en-carre-200x200.png 200w, https:\/\/mensa-france.net\/ral-public\/wp-content\/uploads\/sites\/23\/2021\/04\/youtube-logo-en-carre.png 269w\" sizes=\"(max-width: 42px) 100vw, 42px\" \/><\/a> <a title=\"\" href=\"https:\/\/mensa-france.net\/ral-membres\"><img decoding=\"async\" class=\"alignnone wp-image-1275\" src=\"https:\/\/mensa-france.net\/ral-public\/wp-content\/uploads\/sites\/23\/2021\/04\/ral-logo-294x300.png\" alt=\"Site membre\" width=\"39\" height=\"40\" srcset=\"https:\/\/mensa-france.net\/ral-public\/wp-content\/uploads\/sites\/23\/2021\/04\/ral-logo-66x66.png 66w, https:\/\/mensa-france.net\/ral-public\/wp-content\/uploads\/sites\/23\/2021\/04\/ral-logo-80x80.png 80w, https:\/\/mensa-france.net\/ral-public\/wp-content\/uploads\/sites\/23\/2021\/04\/ral-logo-125x125.png 125w, https:\/\/mensa-france.net\/ral-public\/wp-content\/uploads\/sites\/23\/2021\/04\/ral-logo-150x150.png 150w, https:\/\/mensa-france.net\/ral-public\/wp-content\/uploads\/sites\/23\/2021\/04\/ral-logo-200x200.png 200w, https:\/\/mensa-france.net\/ral-public\/wp-content\/uploads\/sites\/23\/2021\/04\/ral-logo-294x300.png 294w, https:\/\/mensa-france.net\/ral-public\/wp-content\/uploads\/sites\/23\/2021\/04\/ral-logo-400x408.png 400w, https:\/\/mensa-france.net\/ral-public\/wp-content\/uploads\/sites\/23\/2021\/04\/ral-logo-470x480.png 470w, https:\/\/mensa-france.net\/ral-public\/wp-content\/uploads\/sites\/23\/2021\/04\/ral-logo-600x612.png 600w, https:\/\/mensa-france.net\/ral-public\/wp-content\/uploads\/sites\/23\/2021\/04\/ral-logo.png 737w\" sizes=\"(max-width: 39px) 100vw, 39px\" \/><\/a><\/p>\n<\/div><div class=\"fusion-clearfix\"><\/div><\/div><\/div><style type='text\/css'>.reading-box-container-3 .element-bottomshadow:before,.reading-box-container-3 .element-bottomshadow:after{opacity:0.7;}<\/style><div class=\"fusion-reading-box-container reading-box-container-3\" style=\"--awb-title-color:#424242;--awb-margin-top:0px;--awb-margin-bottom:84px;\"><div class=\"reading-box reading-box-center element-bottomshadow\" style=\"background-color:#ffffff;border-width:0px;border-color:#f6f6f6;border-top-width:3px;border-top-color:var(--primary_color);border-style:solid;\"><h2>Nous contacter<\/h2><a class=\"button fusion-button button-blue fusion-button-default-size button-default-size button-flat fusion-mobile-button continue-center\" style=\"-webkit-box-shadow:none;-moz-box-shadow:none;box-shadow:none;border-radius:2px 2px 2px 2px\" href=\"mailto:ral@mensa.fr\" target=\"_self\"><span>ral@mensa.fr<\/span><\/a><\/div><\/div><div class=\"fusion-clearfix\"><\/div><\/div><\/div><\/div><\/div>\n","protected":false},"excerpt":{"rendered":"","protected":false},"author":360,"featured_media":0,"parent":0,"menu_order":0,"comment_status":"closed","ping_status":"closed","template":"","meta":{"footnotes":""},"class_list":["post-504","page","type-page","status-publish","hentry"],"_links":{"self":[{"href":"https:\/\/mensa-france.net\/ral-public\/wp-json\/wp\/v2\/pages\/504","targetHints":{"allow":["GET"]}}],"collection":[{"href":"https:\/\/mensa-france.net\/ral-public\/wp-json\/wp\/v2\/pages"}],"about":[{"href":"https:\/\/mensa-france.net\/ral-public\/wp-json\/wp\/v2\/types\/page"}],"author":[{"embeddable":true,"href":"https:\/\/mensa-france.net\/ral-public\/wp-json\/wp\/v2\/users\/360"}],"replies":[{"embeddable":true,"href":"https:\/\/mensa-france.net\/ral-public\/wp-json\/wp\/v2\/comments?post=504"}],"version-history":[{"count":4,"href":"https:\/\/mensa-france.net\/ral-public\/wp-json\/wp\/v2\/pages\/504\/revisions"}],"predecessor-version":[{"id":1426,"href":"https:\/\/mensa-france.net\/ral-public\/wp-json\/wp\/v2\/pages\/504\/revisions\/1426"}],"wp:attachment":[{"href":"https:\/\/mensa-france.net\/ral-public\/wp-json\/wp\/v2\/media?parent=504"}],"curies":[{"name":"wp","href":"https:\/\/api.w.org\/{rel}","templated":true}]}}