{"id":470,"date":"2018-07-08T16:17:06","date_gmt":"2018-07-08T14:17:06","guid":{"rendered":"https:\/\/mensa-france.net\/ral-public\/?page_id=470"},"modified":"2021-04-28T14:48:49","modified_gmt":"2021-04-28T12:48:49","slug":"mensa-france","status":"publish","type":"page","link":"https:\/\/mensa-france.net\/ral-public\/mensa-france\/","title":{"rendered":"Mensa France"},"content":{"rendered":"<div class=\"fusion-fullwidth fullwidth-box fusion-builder-row-1 nonhundred-percent-fullwidth non-hundred-percent-height-scrolling\" style=\"--awb-border-radius-top-left:0px;--awb-border-radius-top-right:0px;--awb-border-radius-bottom-right:0px;--awb-border-radius-bottom-left:0px;--awb-padding-top:20px;--awb-padding-bottom:20px;--awb-background-color:#cde0f7;--awb-flex-wrap:wrap;\" ><div class=\"fusion-builder-row fusion-row\"><div class=\"fusion-layout-column fusion_builder_column fusion-builder-column-0 fusion_builder_column_3_4 3_4 fusion-three-fourth fusion-column-first\" style=\"--awb-padding-top:10px;--awb-padding-right:10px;--awb-padding-bottom:10px;--awb-padding-left:10px;--awb-bg-color:#ffffff;--awb-bg-color-hover:#ffffff;--awb-bg-size:cover;width:75%;width:calc(75% - ( ( 4% ) * 0.75 ) );margin-right: 4%;\"><div class=\"fusion-column-wrapper fusion-flex-column-wrapper-legacy\"><div class=\"fusion-text fusion-text-1\"><h1 class=\"\" style=\"line-height: 1.4\" data-fontsize=\"32\" data-lineheight=\"44.8px\">Mensa France<\/h1>\n<p><a href=\"https:\/\/mensa-france.net\/\"><img decoding=\"async\" class=\"size-full wp-image-211 alignleft\" src=\"https:\/\/mensa-france.net\/ral-public\/wp-content\/uploads\/sites\/23\/2017\/11\/Mensa_logo-1.png\" alt=\"\" width=\"125\" height=\"59\" \/><\/a><\/p>\n<div><\/div>\n<div>\n<p>Mensa est une association de personnes \u00e0 haut quotient intellectuel (HQI) qui facilite \u00e9changes et partages riches au sein d&rsquo;une communaut\u00e9 chaleureuse et stimulante. Le fonctionnement s\u2019articule entre des associations r\u00e9gionales, nationale (Mensa France, plus de 4000 membres) et Mensa international. Ces diff\u00e9rentes entit\u00e9s proposent des \u00e9v\u00e9nements gr\u00e2ce au soutien de ses membres, tous b\u00e9n\u00e9voles.<\/p>\n<\/div>\n<p>Les membres trouvent \u00e0 Mensa un lieu de rencontre o\u00f9 des personnes \u00e0 l\u2019esprit vif et curieux peuvent \u00e9changer, partager librement des id\u00e9es et des rencontres, et se retrouver autour d&rsquo;activit\u00e9s vari\u00e9es dans un esprit d&rsquo;entraide et d&rsquo;amiti\u00e9. Le nom Mensa, d\u2019origine latine, \u00e9voque la table (mensa) de n\u00e9gociation et de convivialit\u00e9 (les commensaux), mais aussi l\u2019esprit (mens) et l\u2019humanisme (men).<\/p>\n<p>Le site de Mensa France est ici : <a href=\"https:\/\/mensa-france.net\">https:\/\/mensa-france.net<\/a><\/p>\n<ul>\n<li class=\"fusion-responsive-typography-calculated\" style=\"line-height: 1.4\" data-fontsize=\"34\" data-lineheight=\"47.6px\">\n<h2 class=\"fusion-responsive-typography-calculated\" style=\"line-height: 1.5\" data-fontsize=\"20\" data-lineheight=\"30px\">Lud&rsquo;\u00e9t\u00e9 et Lud&rsquo;hiver<\/h2>\n<\/li>\n<\/ul>\n<p>De nombreux \u00e9v\u00e9nements jalonnent l\u2019ann\u00e9e Mensa : universit\u00e9s d\u2019\u00e9t\u00e9, que nous baptisons Lud\u2019\u00e9t\u00e9, parce que c\u2019est plus ludique qu\u2019universitaire, Lud\u2019hiver, parce qu\u2019en hiver, c\u2019est bien aussi. Les Conventions et Assembl\u00e9e G\u00e9n\u00e9rale sont l&rsquo;occasion de se retrouver et en profiter pour d\u00e9couvrir chaque ann\u00e9e une r\u00e9gion diff\u00e9rente. Ce sont des \u00e9v\u00e9nements participatifs reposant sur l\u2019investissement de tous.<\/p>\n<p><img decoding=\"async\" class=\"alignleft wp-image-1239\" src=\"https:\/\/mensa-france.net\/ral-public\/wp-content\/uploads\/sites\/23\/2021\/04\/stamp-3047232_1920-300x300.png\" alt=\"\" width=\"85\" height=\"85\" srcset=\"https:\/\/mensa-france.net\/ral-public\/wp-content\/uploads\/sites\/23\/2021\/04\/stamp-3047232_1920-66x66.png 66w, https:\/\/mensa-france.net\/ral-public\/wp-content\/uploads\/sites\/23\/2021\/04\/stamp-3047232_1920-80x80.png 80w, https:\/\/mensa-france.net\/ral-public\/wp-content\/uploads\/sites\/23\/2021\/04\/stamp-3047232_1920-125x125.png 125w, https:\/\/mensa-france.net\/ral-public\/wp-content\/uploads\/sites\/23\/2021\/04\/stamp-3047232_1920-150x150.png 150w, https:\/\/mensa-france.net\/ral-public\/wp-content\/uploads\/sites\/23\/2021\/04\/stamp-3047232_1920-200x200.png 200w, https:\/\/mensa-france.net\/ral-public\/wp-content\/uploads\/sites\/23\/2021\/04\/stamp-3047232_1920-300x300.png 300w, https:\/\/mensa-france.net\/ral-public\/wp-content\/uploads\/sites\/23\/2021\/04\/stamp-3047232_1920-400x400.png 400w, https:\/\/mensa-france.net\/ral-public\/wp-content\/uploads\/sites\/23\/2021\/04\/stamp-3047232_1920-480x480.png 480w, https:\/\/mensa-france.net\/ral-public\/wp-content\/uploads\/sites\/23\/2021\/04\/stamp-3047232_1920-600x600.png 600w, https:\/\/mensa-france.net\/ral-public\/wp-content\/uploads\/sites\/23\/2021\/04\/stamp-3047232_1920-768x768.png 768w, https:\/\/mensa-france.net\/ral-public\/wp-content\/uploads\/sites\/23\/2021\/04\/stamp-3047232_1920-800x800.png 800w, https:\/\/mensa-france.net\/ral-public\/wp-content\/uploads\/sites\/23\/2021\/04\/stamp-3047232_1920-1024x1024.png 1024w, https:\/\/mensa-france.net\/ral-public\/wp-content\/uploads\/sites\/23\/2021\/04\/stamp-3047232_1920.png 1200w\" sizes=\"(max-width: 85px) 100vw, 85px\" \/>Le principe est simple : des vacances par et pour les membres, et leurs invit\u00e9s bien \u00e9videmment ! C\u2019est un concentr\u00e9 de tout ce que Mensa peut apporter de mieux \u00e0 ses membres.<\/p>\n<p>Des conf\u00e9rences &#8211; ateliers sur des th\u00e8mes enrichissants ou surprenants, jeux et rallye, rencontres, discussions et d\u00e9bats, activit\u00e9s sportives, repas improvis\u00e9s, buffet d\u2019accueil et de d\u00e9part, soir\u00e9es pr\u00e9vues et \u00ab off \u00bb, chorale, randonn\u00e9es\u2026 On voudrait tout faire, l\u2019enthousiasme est d\u00e9bordant, on est heureux de revoir les amis mensans de l\u2019an pass\u00e9, et le plus difficile est d\u2019avoir \u00e0 choisir \u00e0 quelles activit\u00e9s participer ! On se retrouve souvent emport\u00e9 dans des discussions passionnantes, on se couche \u00e0 pas d\u2019heure et on rate des trucs le lendemain. C&rsquo;est fabuleux ^^<\/p>\n<ul>\n<li class=\"fusion-responsive-typography-calculated\" style=\"line-height: 1.4\" data-fontsize=\"34\" data-lineheight=\"47.6px\">\n<h2 class=\"fusion-responsive-typography-calculated\" style=\"line-height: 1.5\" data-fontsize=\"20\" data-lineheight=\"30px\">Groupe d&rsquo;Int\u00e9r\u00eat Sp\u00e9cifique (GIS)<\/h2>\n<\/li>\n<\/ul>\n<p>Il existe au sein de Mensa des groupes qui se constituent autour d\u2019un th\u00e8me. On les appelle des GIS ou Groupes d\u2019Int\u00e9r\u00eat Sp\u00e9cifique. Chaque pays a les siens, et certains sont internationaux. En France, il en existe plus de 60 ! Sur des th\u00e8mes vari\u00e9s : jeux, enfants HQI, musique, illettrisme, bricolage, matrimoine, addictions, etc.<\/p>\n<ul>\n<li class=\"fusion-responsive-typography-calculated\" style=\"line-height: 1.4\" data-fontsize=\"34\" data-lineheight=\"47.6px\">\n<h2 class=\"fusion-responsive-typography-calculated\" style=\"line-height: 1.5\" data-fontsize=\"20\" data-lineheight=\"30px\">R\u00e9seaux sociaux et forums<\/h2>\n<\/li>\n<\/ul>\n<p><img decoding=\"async\" class=\"wp-image-1247 size-thumbnail alignleft\" title=\"\" src=\"https:\/\/mensa-france.net\/ral-public\/wp-content\/uploads\/sites\/23\/2021\/04\/social-3408791_1920-150x150.jpg\" alt=\"\" width=\"150\" height=\"150\" srcset=\"https:\/\/mensa-france.net\/ral-public\/wp-content\/uploads\/sites\/23\/2021\/04\/social-3408791_1920-66x66.jpg 66w, https:\/\/mensa-france.net\/ral-public\/wp-content\/uploads\/sites\/23\/2021\/04\/social-3408791_1920-80x80.jpg 80w, https:\/\/mensa-france.net\/ral-public\/wp-content\/uploads\/sites\/23\/2021\/04\/social-3408791_1920-125x125.jpg 125w, https:\/\/mensa-france.net\/ral-public\/wp-content\/uploads\/sites\/23\/2021\/04\/social-3408791_1920-150x150.jpg 150w, https:\/\/mensa-france.net\/ral-public\/wp-content\/uploads\/sites\/23\/2021\/04\/social-3408791_1920-200x200.jpg 200w\" sizes=\"(max-width: 150px) 100vw, 150px\" \/>Mensa est pr\u00e9sente sur Facebook, Discord, Linkedln, et des forums sp\u00e9cifiques. Certains sont g\u00e9n\u00e9ralistes, d\u2019autres th\u00e9matiques, par exemple sur l\u2019\u00e9ducation, l\u2019informatique, la lecture, les arts, les id\u00e9es qu\u2019on peut avoir sur Mensa, etc. Il y a des pages publiques d&rsquo;information, et des groupes priv\u00e9s r\u00e9serv\u00e9s aux membres.<\/p>\n<\/div><div class=\"fusion-clearfix\"><\/div><\/div><\/div><div class=\"fusion-layout-column fusion_builder_column fusion-builder-column-1 fusion_builder_column_1_4 1_4 fusion-one-fourth fusion-column-last\" style=\"--awb-bg-size:cover;width:25%;width:calc(25% - ( ( 4% ) * 0.25 ) );\"><div class=\"fusion-column-wrapper fusion-flex-column-wrapper-legacy\"><style type='text\/css'>.reading-box-container-1 .element-bottomshadow:before,.reading-box-container-1 .element-bottomshadow:after{opacity:0.7;}<\/style><div class=\"fusion-reading-box-container reading-box-container-1\" style=\"--awb-title-color:#424242;--awb-margin-top:0px;--awb-margin-bottom:84px;\"><div class=\"reading-box reading-box-center element-bottomshadow\" style=\"background-color:#ffffff;border-width:0px;border-color:#f6f6f6;border-top-width:3px;border-top-color:var(--primary_color);border-style:solid;\"><h2>Prochains tests<\/h2><div class=\"reading-box-additional fusion-reading-box-additional\">\n<\/div><div class=\"fusion-clearfix\"><\/div><a class=\"button fusion-button button-blue fusion-button-default-size button-default-size button-flat fusion-mobile-button continue-center\" style=\"-webkit-box-shadow:none;-moz-box-shadow:none;box-shadow:none;border-radius:2px 2px 2px 2px\" href=\"https:\/\/mensa-france.net\/nous-rejoindre\/etre-admis-a-mensa\/\" target=\"_self\"><span>S'inscrire<\/span><\/a><\/div><\/div><style type='text\/css'>.reading-box-container-2 .element-bottomshadow:before,.reading-box-container-2 .element-bottomshadow:after{opacity:0.7;}<\/style><div class=\"fusion-reading-box-container reading-box-container-2\" style=\"--awb-title-color:#424242;--awb-margin-top:0px;--awb-margin-bottom:84px;\"><div class=\"reading-box reading-box-center element-bottomshadow\" style=\"background-color:#ffffff;border-width:0px;border-color:#f6f6f6;border-top-width:3px;border-top-color:var(--primary_color);border-style:solid;\"><h2>Liens<br><\/h2><div class=\"reading-box-additional fusion-reading-box-additional\">\n<p><a href=\"https:\/\/mensa-france.net\/\"><img decoding=\"async\" class=\"alignnone wp-image-211\" src=\"https:\/\/mensa-france.net\/ral-public\/wp-content\/uploads\/sites\/23\/2017\/11\/Mensa_logo-1.png\" alt=\"Mensa France\" width=\"85\" height=\"40\" \/><\/a>\u00a0 <a href=\"https:\/\/www.youtube.com\/channel\/UCqA89gSQdai5Cm-ezf8-Ugg\"><img decoding=\"async\" class=\"alignnone wp-image-1181\" src=\"https:\/\/mensa-france.net\/ral-public\/wp-content\/uploads\/sites\/23\/2021\/04\/youtube-logo-en-carre.png\" alt=\"Youtube\" width=\"42\" height=\"42\" srcset=\"https:\/\/mensa-france.net\/ral-public\/wp-content\/uploads\/sites\/23\/2021\/04\/youtube-logo-en-carre-66x66.png 66w, https:\/\/mensa-france.net\/ral-public\/wp-content\/uploads\/sites\/23\/2021\/04\/youtube-logo-en-carre-80x80.png 80w, https:\/\/mensa-france.net\/ral-public\/wp-content\/uploads\/sites\/23\/2021\/04\/youtube-logo-en-carre-125x125.png 125w, https:\/\/mensa-france.net\/ral-public\/wp-content\/uploads\/sites\/23\/2021\/04\/youtube-logo-en-carre-150x150.png 150w, https:\/\/mensa-france.net\/ral-public\/wp-content\/uploads\/sites\/23\/2021\/04\/youtube-logo-en-carre-200x200.png 200w, https:\/\/mensa-france.net\/ral-public\/wp-content\/uploads\/sites\/23\/2021\/04\/youtube-logo-en-carre.png 269w\" sizes=\"(max-width: 42px) 100vw, 42px\" \/><\/a> <a title=\"\" href=\"https:\/\/mensa-france.net\/ral-membres\"><img decoding=\"async\" class=\"alignnone wp-image-1275\" src=\"https:\/\/mensa-france.net\/ral-public\/wp-content\/uploads\/sites\/23\/2021\/04\/ral-logo-294x300.png\" alt=\"Site membre\" width=\"39\" height=\"40\" srcset=\"https:\/\/mensa-france.net\/ral-public\/wp-content\/uploads\/sites\/23\/2021\/04\/ral-logo-66x66.png 66w, https:\/\/mensa-france.net\/ral-public\/wp-content\/uploads\/sites\/23\/2021\/04\/ral-logo-80x80.png 80w, https:\/\/mensa-france.net\/ral-public\/wp-content\/uploads\/sites\/23\/2021\/04\/ral-logo-125x125.png 125w, https:\/\/mensa-france.net\/ral-public\/wp-content\/uploads\/sites\/23\/2021\/04\/ral-logo-150x150.png 150w, https:\/\/mensa-france.net\/ral-public\/wp-content\/uploads\/sites\/23\/2021\/04\/ral-logo-200x200.png 200w, https:\/\/mensa-france.net\/ral-public\/wp-content\/uploads\/sites\/23\/2021\/04\/ral-logo-294x300.png 294w, https:\/\/mensa-france.net\/ral-public\/wp-content\/uploads\/sites\/23\/2021\/04\/ral-logo-400x408.png 400w, https:\/\/mensa-france.net\/ral-public\/wp-content\/uploads\/sites\/23\/2021\/04\/ral-logo-470x480.png 470w, https:\/\/mensa-france.net\/ral-public\/wp-content\/uploads\/sites\/23\/2021\/04\/ral-logo-600x612.png 600w, https:\/\/mensa-france.net\/ral-public\/wp-content\/uploads\/sites\/23\/2021\/04\/ral-logo.png 737w\" sizes=\"(max-width: 39px) 100vw, 39px\" \/><\/a><\/p>\n<\/div><div class=\"fusion-clearfix\"><\/div><\/div><\/div><style type='text\/css'>.reading-box-container-3 .element-bottomshadow:before,.reading-box-container-3 .element-bottomshadow:after{opacity:0.7;}<\/style><div class=\"fusion-reading-box-container reading-box-container-3\" style=\"--awb-title-color:#424242;--awb-margin-top:0px;--awb-margin-bottom:84px;\"><div class=\"reading-box reading-box-center element-bottomshadow\" style=\"background-color:#ffffff;border-width:0px;border-color:#f6f6f6;border-top-width:3px;border-top-color:var(--primary_color);border-style:solid;\"><h2>Nous contacter<\/h2><a class=\"button fusion-button button-blue fusion-button-default-size button-default-size button-flat fusion-mobile-button continue-center\" style=\"-webkit-box-shadow:none;-moz-box-shadow:none;box-shadow:none;border-radius:2px 2px 2px 2px\" href=\"mailto:ral@mensa.fr\" target=\"_self\"><span>ral@mensa.fr<\/span><\/a><\/div><\/div><div class=\"fusion-clearfix\"><\/div><\/div><\/div><\/div><\/div>\n","protected":false},"excerpt":{"rendered":"","protected":false},"author":360,"featured_media":0,"parent":0,"menu_order":0,"comment_status":"closed","ping_status":"closed","template":"","meta":{"footnotes":""},"class_list":["post-470","page","type-page","status-publish","hentry"],"_links":{"self":[{"href":"https:\/\/mensa-france.net\/ral-public\/wp-json\/wp\/v2\/pages\/470","targetHints":{"allow":["GET"]}}],"collection":[{"href":"https:\/\/mensa-france.net\/ral-public\/wp-json\/wp\/v2\/pages"}],"about":[{"href":"https:\/\/mensa-france.net\/ral-public\/wp-json\/wp\/v2\/types\/page"}],"author":[{"embeddable":true,"href":"https:\/\/mensa-france.net\/ral-public\/wp-json\/wp\/v2\/users\/360"}],"replies":[{"embeddable":true,"href":"https:\/\/mensa-france.net\/ral-public\/wp-json\/wp\/v2\/comments?post=470"}],"version-history":[{"count":2,"href":"https:\/\/mensa-france.net\/ral-public\/wp-json\/wp\/v2\/pages\/470\/revisions"}],"predecessor-version":[{"id":1308,"href":"https:\/\/mensa-france.net\/ral-public\/wp-json\/wp\/v2\/pages\/470\/revisions\/1308"}],"wp:attachment":[{"href":"https:\/\/mensa-france.net\/ral-public\/wp-json\/wp\/v2\/media?parent=470"}],"curies":[{"name":"wp","href":"https:\/\/api.w.org\/{rel}","templated":true}]}}