{"id":99,"date":"2018-10-09T12:33:03","date_gmt":"2018-10-09T10:33:03","guid":{"rendered":"https:\/\/mensa-france.net\/provence\/?page_id=99"},"modified":"2021-06-24T21:51:41","modified_gmt":"2021-06-24T19:51:41","slug":"accueil","status":"publish","type":"page","link":"https:\/\/mensa-france.net\/provence\/","title":{"rendered":"Mensa Provence"},"content":{"rendered":"<p><img decoding=\"async\" class=\"aligncenter wp-image-95 \" src=\"https:\/\/mensa-france.net\/provence\/wp-content\/uploads\/sites\/36\/2018\/10\/mensatiwterFond-1024x422.jpg\" alt=\"\" width=\"702\" height=\"289\" srcset=\"https:\/\/mensa-france.net\/provence\/wp-content\/uploads\/sites\/36\/2018\/10\/mensatiwterFond-200x82.jpg 200w, https:\/\/mensa-france.net\/provence\/wp-content\/uploads\/sites\/36\/2018\/10\/mensatiwterFond-300x124.jpg 300w, https:\/\/mensa-france.net\/provence\/wp-content\/uploads\/sites\/36\/2018\/10\/mensatiwterFond-400x165.jpg 400w, https:\/\/mensa-france.net\/provence\/wp-content\/uploads\/sites\/36\/2018\/10\/mensatiwterFond-600x247.jpg 600w, https:\/\/mensa-france.net\/provence\/wp-content\/uploads\/sites\/36\/2018\/10\/mensatiwterFond-768x316.jpg 768w, https:\/\/mensa-france.net\/provence\/wp-content\/uploads\/sites\/36\/2018\/10\/mensatiwterFond-800x329.jpg 800w, https:\/\/mensa-france.net\/provence\/wp-content\/uploads\/sites\/36\/2018\/10\/mensatiwterFond-1024x422.jpg 1024w, https:\/\/mensa-france.net\/provence\/wp-content\/uploads\/sites\/36\/2018\/10\/mensatiwterFond.jpg 1200w\" sizes=\"(max-width: 702px) 100vw, 702px\" \/><\/p>\n<p><span style=\"font-size: 14pt\"><em><strong><br \/>\nMensa<\/strong><\/em> est une association internationale de personnes \u00e0 haut quotient intellectuel fond\u00e9e \u00e0 Oxford le 1er octobre 1946 dans un id\u00e9al de paix, d&rsquo;humanisme et de partage de connaissances.<\/span><\/p>\n<p><span style=\"font-size: 14pt\"><em><strong>Compos\u00e9e de 150 000 membres \u00e0 travers le monde<\/strong><\/em>, r\u00e9partis dans plus de cent pays et dans chaque r\u00e9gion de France, elle permet l\u2019\u00e9panouissement au sein d\u2019une communaut\u00e9 chaleureuse et stimulante.<\/span><br \/>\n<span style=\"font-size: 14pt\">Mensa est une association libre de toute affiliation politique ou religieuse, ouverte aux femmes et aux hommes de tous \u00e2ges et milieux sociaux.<\/span><\/p>\n<p><span style=\"font-size: 14pt\"><em><strong>En adh\u00e9rant \u00e0 Mensa Provence<\/strong><\/em> vous serez donc automatiquement <em><strong>membres de Mensa France et Mensa International<\/strong> <\/em>avec une unique cotisation.<\/span><br \/>\n<span style=\"font-size: 14pt\">D\u00e8s votre adh\u00e9sion, vous pourrez participer \u00e0 toutes les activit\u00e9s propos\u00e9es, mais \u00e9galement trouver toute l\u2019aide et l\u2019assistance n\u00e9cessaire pour organiser les v\u00f4tres.<\/span><br \/>\n<span style=\"font-size: 14pt\">Vous pourrez ainsi partager vos envies, vos passions (intellectuelles, culturelles, sportives&#8230;), mais aussi les faire d\u00e9couvrir.<\/span><\/p>\n<p><span style=\"font-size: 14pt\">Vous pourrez \u00e9galement <em><strong>participer \u00e0 toutes les activit\u00e9s en France, en Europe et rencontrer les mensans du Monde entier<\/strong><\/em>, notamment via un programme international d\u2019accueil inter-mensans.<\/span><\/p>\n<p><span style=\"font-size: 14pt\"><em><strong>Devenir mensan,<\/strong><\/em> nous rejoindre, c&rsquo;est se donner la <em><strong>possibilit\u00e9 de rencontrer des gens avec la m\u00eame vivacit\u00e9 d\u2019esprit<\/strong><\/em>, souvent eux-m\u00eames en recherche de d\u00e9couverte, de compr\u00e9hension et de partage de bons moments int\u00e9ressants et conviviaux.<\/span><\/p>\n<p><span style=\"font-size: 14pt\">En r\u00e9sum\u00e9, c&rsquo;est trouver un lieu d&rsquo;\u00e9change ouvert et diversifi\u00e9 o\u00f9 les particularit\u00e9s et l\u2019originalit\u00e9 ne sont plus des obstacles. Dans cet espace bienveillant, elles deviennent, au contraire, une possibilit\u00e9 d&rsquo;enrichissement mutuel et d&rsquo;\u00e9panouissement.<\/span><\/p>\n<p><em><strong><span style=\"font-size: 14pt\"><br \/>\nLiens Web :<\/span><\/strong><\/em><span style=\"font-size: 14pt\"><br \/>\n&#8211; <a href=\"https:\/\/www.mensa.org\/\">Mensa International<\/a><br \/>\n<\/span><span style=\"font-size: 14pt\">&#8211; <a href=\"https:\/\/mensa-france.net\/\">Mensa France<\/a><br \/>\n<\/span><\/p>\n<p><span style=\"font-size: 14pt\"><em><strong><br \/>\nPour toutes questions<\/strong><\/em>, vous pouvez contacter le Comit\u00e9 r\u00e9gional de Mensa PRV \u00e0 l&rsquo;adresse suivante : <a href=\"mailto:prv@mensa.fr\">prv@mensa.fr<\/a><\/span><\/p>\n","protected":false},"excerpt":{"rendered":"<p>Mensa est une association internationale de personnes \u00e0 haut quotient intellectuel fond\u00e9e \u00e0 Oxford le 1er octobre 1946 dans un id\u00e9al de paix, d&rsquo;humanisme et de partage de connaissances. Compos\u00e9e de 150 000 membres \u00e0 travers le monde, r\u00e9partis dans plus de cent pays et dans chaque r\u00e9gion de France, elle permet l\u2019\u00e9panouissement au sein [&hellip;]<\/p>\n","protected":false},"author":3034,"featured_media":0,"parent":0,"menu_order":0,"comment_status":"closed","ping_status":"closed","template":"","meta":{"footnotes":""},"class_list":["post-99","page","type-page","status-publish","hentry"],"_links":{"self":[{"href":"https:\/\/mensa-france.net\/provence\/wp-json\/wp\/v2\/pages\/99","targetHints":{"allow":["GET"]}}],"collection":[{"href":"https:\/\/mensa-france.net\/provence\/wp-json\/wp\/v2\/pages"}],"about":[{"href":"https:\/\/mensa-france.net\/provence\/wp-json\/wp\/v2\/types\/page"}],"author":[{"embeddable":true,"href":"https:\/\/mensa-france.net\/provence\/wp-json\/wp\/v2\/users\/3034"}],"replies":[{"embeddable":true,"href":"https:\/\/mensa-france.net\/provence\/wp-json\/wp\/v2\/comments?post=99"}],"version-history":[{"count":2,"href":"https:\/\/mensa-france.net\/provence\/wp-json\/wp\/v2\/pages\/99\/revisions"}],"predecessor-version":[{"id":321,"href":"https:\/\/mensa-france.net\/provence\/wp-json\/wp\/v2\/pages\/99\/revisions\/321"}],"wp:attachment":[{"href":"https:\/\/mensa-france.net\/provence\/wp-json\/wp\/v2\/media?parent=99"}],"curies":[{"name":"wp","href":"https:\/\/api.w.org\/{rel}","templated":true}]}}