{"id":258,"date":"2019-06-23T14:57:20","date_gmt":"2019-06-23T12:57:20","guid":{"rendered":"https:\/\/mensa-france.net\/provence\/?page_id=258"},"modified":"2021-06-24T21:28:06","modified_gmt":"2021-06-24T19:28:06","slug":"nous-contacter","status":"publish","type":"page","link":"https:\/\/mensa-france.net\/provence\/nous-contacter\/","title":{"rendered":"Nous contacter"},"content":{"rendered":"<p><span style=\"font-size: 18pt\">Vous avez des questions, des doutes&#8230;?\u00a0 N&rsquo;h\u00e9sitez pas \u00e0 nous solliciter pour que nous puissions vous \u00e9clairer. Vous pourrez contacter le Comit\u00e9 r\u00e9gional de Mensa PRV \u00e0 l&rsquo;adresse suivante : <\/span><a href=\"mailto:prv@mensa.fr\"><span style=\"font-size: 18pt\">prv@mensa.fr<\/span><\/a><\/p>\n","protected":false},"excerpt":{"rendered":"<p>Vous avez des questions, des doutes&#8230;?\u00a0 N&rsquo;h\u00e9sitez pas \u00e0 nous solliciter pour que nous puissions vous \u00e9clairer. Vous pourrez contacter le Comit\u00e9 r\u00e9gional de Mensa PRV \u00e0 l&rsquo;adresse suivante : prv@mensa.fr<\/p>\n","protected":false},"author":3034,"featured_media":0,"parent":0,"menu_order":0,"comment_status":"closed","ping_status":"closed","template":"","meta":{"footnotes":""},"class_list":["post-258","page","type-page","status-publish","hentry"],"_links":{"self":[{"href":"https:\/\/mensa-france.net\/provence\/wp-json\/wp\/v2\/pages\/258","targetHints":{"allow":["GET"]}}],"collection":[{"href":"https:\/\/mensa-france.net\/provence\/wp-json\/wp\/v2\/pages"}],"about":[{"href":"https:\/\/mensa-france.net\/provence\/wp-json\/wp\/v2\/types\/page"}],"author":[{"embeddable":true,"href":"https:\/\/mensa-france.net\/provence\/wp-json\/wp\/v2\/users\/3034"}],"replies":[{"embeddable":true,"href":"https:\/\/mensa-france.net\/provence\/wp-json\/wp\/v2\/comments?post=258"}],"version-history":[{"count":3,"href":"https:\/\/mensa-france.net\/provence\/wp-json\/wp\/v2\/pages\/258\/revisions"}],"predecessor-version":[{"id":310,"href":"https:\/\/mensa-france.net\/provence\/wp-json\/wp\/v2\/pages\/258\/revisions\/310"}],"wp:attachment":[{"href":"https:\/\/mensa-france.net\/provence\/wp-json\/wp\/v2\/media?parent=258"}],"curies":[{"name":"wp","href":"https:\/\/api.w.org\/{rel}","templated":true}]}}

<p><span style="font-size: 18pt">Vous avez des questions, des doutes&#8230;?  N&rsquo;hésitez pas à nous solliciter pour que nous puissions vous éclairer. Vous pourrez contacter le Comité régional de Mensa PRV à l&rsquo;adresse suivante : </span><a href="mailto:prv@mensa.fr"><span style="font-size: 18pt">prv@mensa.fr</span></a></p>

<p>Vous avez des questions, des doutes&#8230;?  N&rsquo;hésitez pas à nous solliciter pour que nous puissions vous éclairer. Vous pourrez contacter le Comité régional de Mensa PRV à l&rsquo;adresse suivante : prv@mensa.fr</p>
