{"id":115,"date":"2018-10-10T00:37:02","date_gmt":"2018-10-09T22:37:02","guid":{"rendered":"https:\/\/mensa-france.net\/provence\/?page_id=115"},"modified":"2021-06-24T21:27:29","modified_gmt":"2021-06-24T19:27:29","slug":"lesactivites","status":"publish","type":"page","link":"https:\/\/mensa-france.net\/provence\/lesactivites\/","title":{"rendered":"Les activit\u00e9s"},"content":{"rendered":"<p><span style=\"font-size: 14pt\"><em><strong><span style=\"font-size: 18pt\">Les activit\u00e9s dans notre r\u00e9gion :<\/span><\/strong><\/em><\/span><\/p>\n<p><span style=\"font-size: 14pt\">Les activit\u00e9s sont propos\u00e9es tant par le comit\u00e9 r\u00e9gional de Mensa PRV que par les membres eux-m\u00eames, conduisant \u00e0 une grande vari\u00e9t\u00e9 de possibilit\u00e9s. Elles sont souvent li\u00e9es aux int\u00e9r\u00eats voire \u00e0 la passion de ces personnes pour un domaine particulier, qu&rsquo;elles souhaitent partager avec les autres.<br \/>\n<\/span><\/p>\n<p><span style=\"font-size: 14pt\">Certaines activit\u00e9s sont r\u00e9currentes comme les repas r\u00e9guliers organis\u00e9s au niveau des grandes villes de chaque d\u00e9partement (Marseille (mensuel), Aix-en-Provence, Toulon (mensuel), Avignon (mensuel), Manosque\u2026).<\/span><\/p>\n<p><span style=\"font-size: 14pt\">L&rsquo;association propose par ailleurs au moins une activit\u00e9 par mois en dehors des repas, souvent plus. Ces derni\u00e8res ann\u00e9es, les membres ont pu profiter d&rsquo;activit\u00e9s :<br \/>\n<\/span><\/p>\n<ul style=\"list-style-type: circle\">\n<li><span style=\"font-size: 14pt\">conviviales (galette des rois, pique-nique, barbecue, plage, Halloween, r\u00e9veillons, auberges espagnoles&#8230;)<\/span><\/li>\n<li><span style=\"font-size: 14pt\">culturelles (Carri\u00e8res de Lumi\u00e8res, visites de sites historiques, mus\u00e9es, expositions&#8230;)<\/span><\/li>\n<li><span class=\"st\" style=\"font-size: 14pt\">ludiques (apr\u00e8s-midis et soir\u00e9es jeux, jeux de pistes, rallyes, initiation et tournois d&rsquo;\u00e9checs, tournois de sudoku&#8230;)<\/span><\/li>\n<li><span style=\"font-size: 14pt\">de plein air ou sportives (randonn\u00e9es, accrobranche, parcours d&rsquo;obstacles, v\u00e9lo-rail, patinoire\u2026)<\/span><\/li>\n<li><span style=\"font-size: 14pt\">scientifiques (o<span class=\"st\">bservations astronomiques, visites d&rsquo;observatoire et de centres de recherche&#8230;)<\/span><\/span><\/li>\n<li><span style=\"font-size: 14pt\">industrielles (visite d&rsquo;usines : chocolaterie de Puyricard, Calissons du Roy Ren\u00e9, \u00e0 venir L&rsquo;Occitane&#8230;)<\/span><\/li>\n<li><span style=\"font-size: 14pt\">de discussions th\u00e9matiques (groupes de parole, caf\u00e9s culture, litt\u00e9raires\/philo&#8230;)<\/span><\/li>\n<li><span style=\"font-size: 14pt\">gastronomiques\u00a0 (ateliers p\u00e2tisseries, d\u00e9gustation, caf\u00e9 cuisine&#8230;)<\/span><\/li>\n<li><span style=\"font-size: 14pt\">conf\u00e9rences (le site des membres met les enregistrements \u00e0 disposition).<\/span><\/li>\n<\/ul>\n<p>&nbsp;<\/p>\n<p><span style=\"font-size: 14pt\">L&rsquo;association offre aussi un excellent relais pour les manifestations se d\u00e9roulant dans la r\u00e9gion (foires aux livres, conf\u00e9rences, expositions&#8230;).<\/span><\/p>\n<p><span style=\"font-size: 14pt\">Et vous? Avez-vous d\u00e9j\u00e0 id\u00e9e de ce que vous aimeriez partager avec les autres?<\/span><\/p>\n","protected":false},"excerpt":{"rendered":"<p>Les activit\u00e9s dans notre r\u00e9gion : Les activit\u00e9s sont propos\u00e9es tant par le comit\u00e9 r\u00e9gional de Mensa PRV que par les membres eux-m\u00eames, conduisant \u00e0 une grande vari\u00e9t\u00e9 de possibilit\u00e9s. Elles sont souvent li\u00e9es aux int\u00e9r\u00eats voire \u00e0 la passion de ces personnes pour un domaine particulier, qu&rsquo;elles souhaitent partager avec les autres. Certaines activit\u00e9s [&hellip;]<\/p>\n","protected":false},"author":3034,"featured_media":0,"parent":0,"menu_order":0,"comment_status":"closed","ping_status":"closed","template":"","meta":{"footnotes":""},"class_list":["post-115","page","type-page","status-publish","hentry"],"_links":{"self":[{"href":"https:\/\/mensa-france.net\/provence\/wp-json\/wp\/v2\/pages\/115","targetHints":{"allow":["GET"]}}],"collection":[{"href":"https:\/\/mensa-france.net\/provence\/wp-json\/wp\/v2\/pages"}],"about":[{"href":"https:\/\/mensa-france.net\/provence\/wp-json\/wp\/v2\/types\/page"}],"author":[{"embeddable":true,"href":"https:\/\/mensa-france.net\/provence\/wp-json\/wp\/v2\/users\/3034"}],"replies":[{"embeddable":true,"href":"https:\/\/mensa-france.net\/provence\/wp-json\/wp\/v2\/comments?post=115"}],"version-history":[{"count":3,"href":"https:\/\/mensa-france.net\/provence\/wp-json\/wp\/v2\/pages\/115\/revisions"}],"predecessor-version":[{"id":309,"href":"https:\/\/mensa-france.net\/provence\/wp-json\/wp\/v2\/pages\/115\/revisions\/309"}],"wp:attachment":[{"href":"https:\/\/mensa-france.net\/provence\/wp-json\/wp\/v2\/media?parent=115"}],"curies":[{"name":"wp","href":"https:\/\/api.w.org\/{rel}","templated":true}]}}

Les activités

<p><span style="font-size: 14pt"><em><strong><span style="font-size: 18pt">Les activités dans notre région :</span></strong></em></span></p>
<p><span style="font-size: 14pt">Les activités sont proposées tant par le comité régional de Mensa PRV que par les membres eux-mêmes, conduisant à une grande variété de possibilités. Elles sont souvent liées aux intérêts voire à la passion de ces personnes pour un domaine particulier, qu&rsquo;elles souhaitent partager avec les autres.<br />
</span></p>
<p><span style="font-size: 14pt">Certaines activités sont récurrentes comme les repas réguliers organisés au niveau des grandes villes de chaque département (Marseille (mensuel), Aix-en-Provence, Toulon (mensuel), Avignon (mensuel), Manosque…).</span></p>
<p><span style="font-size: 14pt">L&rsquo;association propose par ailleurs au moins une activité par mois en dehors des repas, souvent plus. Ces dernières années, les membres ont pu profiter d&rsquo;activités :<br />
</span></p>
<ul style="list-style-type: circle">
<li><span style="font-size: 14pt">conviviales (galette des rois, pique-nique, barbecue, plage, Halloween, réveillons, auberges espagnoles&#8230;)</span></li>
<li><span style="font-size: 14pt">culturelles (Carrières de Lumières, visites de sites historiques, musées, expositions&#8230;)</span></li>
<li><span class="st" style="font-size: 14pt">ludiques (après-midis et soirées jeux, jeux de pistes, rallyes, initiation et tournois d&rsquo;échecs, tournois de sudoku&#8230;)</span></li>
<li><span style="font-size: 14pt">de plein air ou sportives (randonnées, accrobranche, parcours d&rsquo;obstacles, vélo-rail, patinoire…)</span></li>
<li><span style="font-size: 14pt">scientifiques (o<span class="st">bservations astronomiques, visites d&rsquo;observatoire et de centres de recherche&#8230;)</span></span></li>
<li><span style="font-size: 14pt">industrielles (visite d&rsquo;usines : chocolaterie de Puyricard, Calissons du Roy René, à venir L&rsquo;Occitane&#8230;)</span></li>
<li><span style="font-size: 14pt">de discussions thématiques (groupes de parole, cafés culture, littéraires/philo&#8230;)</span></li>
<li><span style="font-size: 14pt">gastronomiques  (ateliers pâtisseries, dégustation, café cuisine&#8230;)</span></li>
<li><span style="font-size: 14pt">conférences (le site des membres met les enregistrements à disposition).</span></li>
</ul>
<p>&nbsp;</p>
<p><span style="font-size: 14pt">L&rsquo;association offre aussi un excellent relais pour les manifestations se déroulant dans la région (foires aux livres, conférences, expositions&#8230;).</span></p>
<p><span style="font-size: 14pt">Et vous? Avez-vous déjà idée de ce que vous aimeriez partager avec les autres?</span></p>

<p>Les activités dans notre région : Les activités sont proposées tant par le comité régional de Mensa PRV que par les membres eux-mêmes, conduisant à une grande variété de possibilités. Elles sont souvent liées aux intérêts voire à la passion de ces personnes pour un domaine particulier, qu&rsquo;elles souhaitent partager avec les autres. Certaines activités [&hellip;]</p>
