{"id":105,"date":"2018-10-09T12:47:26","date_gmt":"2018-10-09T10:47:26","guid":{"rendered":"https:\/\/mensa-france.net\/provence\/?page_id=105"},"modified":"2021-06-24T21:21:13","modified_gmt":"2021-06-24T19:21:13","slug":"laregion","status":"publish","type":"page","link":"https:\/\/mensa-france.net\/provence\/laregion\/","title":{"rendered":"La r\u00e9gion"},"content":{"rendered":"<div class=\"post-content\">\n<table style=\"border-collapse: collapse;width: 130.958%;height: 563px\" border=\"1\">\n<tbody>\n<tr>\n<td style=\"width: 43.5185%\"><span style=\"font-size: 14pt\"><em><strong>\u00a0 La r\u00e9gion Mensa Provence se compose des d\u00e9partements :<\/strong><\/em><\/span><\/p>\n<ul style=\"list-style-type: circle\">\n<li><span style=\"font-size: 14pt;font-family: georgia,palatino,serif\"><em>Alpes-de-Haute-Provence (04)<\/em><\/span><\/li>\n<li><span style=\"font-size: 14pt;font-family: georgia,palatino,serif\"><em>Bouches-du-Rh\u00f4ne (13)<\/em><\/span><\/li>\n<li><span style=\"font-size: 14pt;font-family: georgia,palatino,serif\"><em>Hautes-Alpes (05)<\/em><\/span><\/li>\n<li><span style=\"font-size: 14pt;font-family: georgia,palatino,serif\"><em>Var (83) (co-g\u00e9r\u00e9 avec la r\u00e9gion C\u00f4te d&rsquo;Azur &#8211; CAZ)<br \/>\n<\/em><\/span><\/li>\n<li><span style=\"font-size: 14pt;font-family: georgia,palatino,serif\"><em>Vaucluse (84)<\/em><\/span><\/li>\n<\/ul>\n<p>&nbsp;<\/p>\n<p>&nbsp;<\/p>\n<p>&nbsp;<\/p>\n<p>&nbsp;<\/p>\n<p>&nbsp;<\/p>\n<p>&nbsp;<\/p>\n<p>&nbsp;<\/p>\n<p>&nbsp;<\/td>\n<td style=\"width: 56.4815%\"><img decoding=\"async\" class=\" wp-image-145 aligncenter\" src=\"https:\/\/mensa-france.net\/provence\/wp-content\/uploads\/sites\/36\/2019\/06\/mensaProvence-1-300x225.jpg\" alt=\"\" width=\"805\" height=\"604\" srcset=\"https:\/\/mensa-france.net\/provence\/wp-content\/uploads\/sites\/36\/2019\/06\/mensaProvence-1-200x150.jpg 200w, https:\/\/mensa-france.net\/provence\/wp-content\/uploads\/sites\/36\/2019\/06\/mensaProvence-1-300x225.jpg 300w, https:\/\/mensa-france.net\/provence\/wp-content\/uploads\/sites\/36\/2019\/06\/mensaProvence-1-400x300.jpg 400w, https:\/\/mensa-france.net\/provence\/wp-content\/uploads\/sites\/36\/2019\/06\/mensaProvence-1-600x450.jpg 600w, https:\/\/mensa-france.net\/provence\/wp-content\/uploads\/sites\/36\/2019\/06\/mensaProvence-1-768x576.jpg 768w, https:\/\/mensa-france.net\/provence\/wp-content\/uploads\/sites\/36\/2019\/06\/mensaProvence-1-800x600.jpg 800w, https:\/\/mensa-france.net\/provence\/wp-content\/uploads\/sites\/36\/2019\/06\/mensaProvence-1-1024x768.jpg 1024w, https:\/\/mensa-france.net\/provence\/wp-content\/uploads\/sites\/36\/2019\/06\/mensaProvence-1.jpg 1200w\" sizes=\"(max-width: 805px) 100vw, 805px\" \/><\/td>\n<\/tr>\n<\/tbody>\n<\/table>\n<\/div>\n","protected":false},"excerpt":{"rendered":"<p>\u00a0 La r\u00e9gion Mensa Provence se compose des d\u00e9partements : Alpes-de-Haute-Provence (04) Bouches-du-Rh\u00f4ne (13) Hautes-Alpes (05) Var (83) (co-g\u00e9r\u00e9 avec la r\u00e9gion C\u00f4te d&rsquo;Azur &#8211; CAZ) Vaucluse (84) &nbsp; &nbsp; &nbsp; &nbsp; &nbsp; &nbsp; &nbsp; &nbsp;<\/p>\n","protected":false},"author":3034,"featured_media":0,"parent":0,"menu_order":0,"comment_status":"closed","ping_status":"closed","template":"","meta":{"footnotes":""},"class_list":["post-105","page","type-page","status-publish","hentry"],"_links":{"self":[{"href":"https:\/\/mensa-france.net\/provence\/wp-json\/wp\/v2\/pages\/105","targetHints":{"allow":["GET"]}}],"collection":[{"href":"https:\/\/mensa-france.net\/provence\/wp-json\/wp\/v2\/pages"}],"about":[{"href":"https:\/\/mensa-france.net\/provence\/wp-json\/wp\/v2\/types\/page"}],"author":[{"embeddable":true,"href":"https:\/\/mensa-france.net\/provence\/wp-json\/wp\/v2\/users\/3034"}],"replies":[{"embeddable":true,"href":"https:\/\/mensa-france.net\/provence\/wp-json\/wp\/v2\/comments?post=105"}],"version-history":[{"count":3,"href":"https:\/\/mensa-france.net\/provence\/wp-json\/wp\/v2\/pages\/105\/revisions"}],"predecessor-version":[{"id":307,"href":"https:\/\/mensa-france.net\/provence\/wp-json\/wp\/v2\/pages\/105\/revisions\/307"}],"wp:attachment":[{"href":"https:\/\/mensa-france.net\/provence\/wp-json\/wp\/v2\/media?parent=105"}],"curies":[{"name":"wp","href":"https:\/\/api.w.org\/{rel}","templated":true}]}}

La région

<div class="post-content">
<table style="border-collapse: collapse;width: 130.958%;height: 563px" border="1">
<tbody>
<tr>
<td style="width: 43.5185%"><span style="font-size: 14pt"><em><strong>  La région Mensa Provence se compose des départements :</strong></em></span></p>
<ul style="list-style-type: circle">
<li><span style="font-size: 14pt;font-family: georgia,palatino,serif"><em>Alpes-de-Haute-Provence (04)</em></span></li>
<li><span style="font-size: 14pt;font-family: georgia,palatino,serif"><em>Bouches-du-Rhône (13)</em></span></li>
<li><span style="font-size: 14pt;font-family: georgia,palatino,serif"><em>Hautes-Alpes (05)</em></span></li>
<li><span style="font-size: 14pt;font-family: georgia,palatino,serif"><em>Var (83) (co-géré avec la région Côte d&rsquo;Azur &#8211; CAZ)<br />
</em></span></li>
<li><span style="font-size: 14pt;font-family: georgia,palatino,serif"><em>Vaucluse (84)</em></span></li>
</ul>
<p>&nbsp;</p>
<p>&nbsp;</p>
<p>&nbsp;</p>
<p>&nbsp;</p>
<p>&nbsp;</p>
<p>&nbsp;</p>
<p>&nbsp;</p>
<p>&nbsp;</td>
<td style="width: 56.4815%"><img decoding="async" class=" wp-image-145 aligncenter" src="https://mensa-france.net/provence/wp-content/uploads/sites/36/2019/06/mensaProvence-1-300x225.jpg" alt="" width="805" height="604" srcset="https://mensa-france.net/provence/wp-content/uploads/sites/36/2019/06/mensaProvence-1-200x150.jpg 200w, https://mensa-france.net/provence/wp-content/uploads/sites/36/2019/06/mensaProvence-1-300x225.jpg 300w, https://mensa-france.net/provence/wp-content/uploads/sites/36/2019/06/mensaProvence-1-400x300.jpg 400w, https://mensa-france.net/provence/wp-content/uploads/sites/36/2019/06/mensaProvence-1-600x450.jpg 600w, https://mensa-france.net/provence/wp-content/uploads/sites/36/2019/06/mensaProvence-1-768x576.jpg 768w, https://mensa-france.net/provence/wp-content/uploads/sites/36/2019/06/mensaProvence-1-800x600.jpg 800w, https://mensa-france.net/provence/wp-content/uploads/sites/36/2019/06/mensaProvence-1-1024x768.jpg 1024w, https://mensa-france.net/provence/wp-content/uploads/sites/36/2019/06/mensaProvence-1.jpg 1200w" sizes="(max-width: 805px) 100vw, 805px" /></td>
</tr>
</tbody>
</table>
</div>

<p>  La région Mensa Provence se compose des départements : Alpes-de-Haute-Provence (04) Bouches-du-Rhône (13) Hautes-Alpes (05) Var (83) (co-géré avec la région Côte d&rsquo;Azur &#8211; CAZ) Vaucluse (84) &nbsp; &nbsp; &nbsp; &nbsp; &nbsp; &nbsp; &nbsp; &nbsp;</p>
