{"id":68,"date":"2020-12-07T20:36:47","date_gmt":"2020-12-07T19:36:47","guid":{"rendered":"https:\/\/mensa-france.net\/languedoc-roussillon\/?page_id=68"},"modified":"2022-03-28T20:15:03","modified_gmt":"2022-03-28T18:15:03","slug":"rejoindre-mensa","status":"publish","type":"page","link":"https:\/\/mensa-france.net\/languedoc-roussillon\/rejoindre-mensa\/","title":{"rendered":"Rejoindre MENSA"},"content":{"rendered":"<p style=\"text-align: justify\"><span style=\"font-family: arial, helvetica, sans-serif;font-size: 12pt\">Pour \u00eatre admis \u00e0 MENSA, il faut obtenir un score dans les 2 % sup\u00e9rieurs de la population g\u00e9n\u00e9rale \u00e0 un test d\u2019intelligence g\u00e9n\u00e9rale. Vous trouverez toutes les informations <a href=\"https:\/\/mensa-france.net\/nous-rejoindre\/\">ici<\/a> sur le site de MENSA France.<br \/>\n<\/span><\/p>\n<p><span style=\"font-family: arial, helvetica, sans-serif;font-size: 12pt\">Concr\u00e8tement, la preuve de ce score peut se faire de deux mani\u00e8res :<\/span><\/p>\n<ul>\n<li><span style=\"font-family: arial, helvetica, sans-serif;font-size: 12pt\">soit en passant les <a href=\"https:\/\/mensa-france.net\/nous-rejoindre\/etre-admis-a-mensa\/admission-sur-test\/\">tests organis\u00e9s par MENSA<\/a>,<\/span><\/li>\n<li><span style=\"font-family: arial, helvetica, sans-serif;font-size: 12pt\">soit en envoyant \u00e0 MENSA votre dossier d\u2019un <a href=\"https:\/\/mensa-france.net\/nous-rejoindre\/etre-admis-a-mensa\/admission-sur-dossier\/\">test de QI pass\u00e9 chez un psychologue<\/a><\/span><\/li>\n<\/ul>\n<p style=\"text-align: justify\"><span style=\"font-family: arial, helvetica, sans-serif;font-size: 12pt\">Des tests sont r\u00e9alis\u00e9s r\u00e9guli\u00e8rement en r\u00e9gion. Si vous souhaitez vous y inscrire, c&rsquo;est <a href=\"https:\/\/mensatests.mensa-france.net\/\">ici<\/a>. Et pour avoir une id\u00e9e du type de test, vous pouvez faire une auto-\u00e9valuation gr\u00e2ce \u00e0 un <a href=\"https:\/\/mensa-france.net\/nous-rejoindre\/pre-test-sautoevaluer\/\">test pr\u00e9liminaire<\/a>.<br \/>\n<\/span><\/p>\n<p>&nbsp;<\/p>\n<p>&nbsp;<\/p>\n","protected":false},"excerpt":{"rendered":"<p>Pour \u00eatre admis \u00e0 MENSA, il faut obtenir un score dans les 2 % sup\u00e9rieurs de la population g\u00e9n\u00e9rale \u00e0 un test d\u2019intelligence g\u00e9n\u00e9rale. Vous trouverez toutes les informations ici sur le site de MENSA France. Concr\u00e8tement, la preuve de ce score peut se faire de deux mani\u00e8res : soit en passant les tests organis\u00e9s &hellip; <a href=\"https:\/\/mensa-france.net\/languedoc-roussillon\/rejoindre-mensa\/\" class=\"more-link\">Continuer la lecture<span class=\"screen-reader-text\"> de &laquo;&nbsp;Rejoindre MENSA&nbsp;&raquo;<\/span><\/a><\/p>\n","protected":false},"author":4696,"featured_media":0,"parent":0,"menu_order":0,"comment_status":"closed","ping_status":"closed","template":"","meta":{"footnotes":""},"class_list":["post-68","page","type-page","status-publish","hentry"],"_links":{"self":[{"href":"https:\/\/mensa-france.net\/languedoc-roussillon\/wp-json\/wp\/v2\/pages\/68","targetHints":{"allow":["GET"]}}],"collection":[{"href":"https:\/\/mensa-france.net\/languedoc-roussillon\/wp-json\/wp\/v2\/pages"}],"about":[{"href":"https:\/\/mensa-france.net\/languedoc-roussillon\/wp-json\/wp\/v2\/types\/page"}],"author":[{"embeddable":true,"href":"https:\/\/mensa-france.net\/languedoc-roussillon\/wp-json\/wp\/v2\/users\/4696"}],"replies":[{"embeddable":true,"href":"https:\/\/mensa-france.net\/languedoc-roussillon\/wp-json\/wp\/v2\/comments?post=68"}],"version-history":[{"count":3,"href":"https:\/\/mensa-france.net\/languedoc-roussillon\/wp-json\/wp\/v2\/pages\/68\/revisions"}],"predecessor-version":[{"id":199,"href":"https:\/\/mensa-france.net\/languedoc-roussillon\/wp-json\/wp\/v2\/pages\/68\/revisions\/199"}],"wp:attachment":[{"href":"https:\/\/mensa-france.net\/languedoc-roussillon\/wp-json\/wp\/v2\/media?parent=68"}],"curies":[{"name":"wp","href":"https:\/\/api.w.org\/{rel}","templated":true}]}}