{"id":231,"date":"2022-11-05T22:03:00","date_gmt":"2022-11-05T21:03:00","guid":{"rendered":"https:\/\/mensa-france.net\/alsace\/?page_id=231"},"modified":"2023-01-15T12:49:25","modified_gmt":"2023-01-15T11:49:25","slug":"mensa-alsace","status":"publish","type":"page","link":"https:\/\/mensa-france.net\/alsace\/","title":{"rendered":"Mensa Alsace"},"content":{"rendered":"<p style=\"font-weight: 400\"><span style=\"font-size: 18pt\"><strong>Localement, en Alsace :<\/strong><\/span><\/p>\n<p style=\"font-weight: 400\">En Alsace, nous comptons plus de 160 membres.<\/p>\n<p style=\"font-weight: 400\">Mensa est une association dynamique, notamment localement. Diff\u00e9rentes activit\u00e9s sont organis\u00e9es\u00a0:<\/p>\n<p style=\"font-weight: 400\">* <strong>repas mensuel<\/strong> en alternance 67\/68,<\/p>\n<p style=\"font-weight: 400\">*diverses sorties\u00a0propos\u00e9es par les membres : visite de mus\u00e9e, balade en Segway, sortie cano\u00eb, escape game, accrobranche, fresque du climat, expo photo, conf\u00e9rence etc, suivant les envies de chacun\u00a0!<\/p>\n<p style=\"font-weight: 400\"><strong>Chaque membre peut participer<\/strong> et\/ou organiser des <strong>\u00e9v\u00e9nements, qu\u2019ils soient locaux, nationaux, europ\u00e9ens ou internationaux<\/strong> et a <strong>acc\u00e8s \u00e0 toutes les ressources<\/strong> \u00e0 disposition, y compris en ligne.<\/p>\n<table style=\"border-collapse: collapse;width: 100%\">\n<tbody>\n<tr>\n<td style=\"width: 50%\"><img decoding=\"async\" src=\"https:\/\/mensa-france.net\/alsace\/wp-content\/uploads\/sites\/50\/2023\/01\/image005.jpg\" \/><\/td>\n<td style=\"width: 50%\"><img decoding=\"async\" src=\"https:\/\/mensa-france.net\/alsace\/wp-content\/uploads\/sites\/50\/2022\/11\/image001.jpg\" \/><\/td>\n<\/tr>\n<tr>\n<td style=\"width: 50%\"><img decoding=\"async\" src=\"https:\/\/mensa-france.net\/alsace\/wp-content\/uploads\/sites\/50\/2023\/01\/image004.jpg\" \/><\/td>\n<td style=\"width: 50%\"><img decoding=\"async\" src=\"https:\/\/mensa-france.net\/alsace\/wp-content\/uploads\/sites\/50\/2023\/01\/image007.jpg\" \/><\/td>\n<\/tr>\n<\/tbody>\n<\/table>\n<p>&nbsp;<\/p>\n<p style=\"font-weight: 400\"><span style=\"font-size: 18pt\"><strong>Ev\u00e9nements nationaux et internationaux :\u00a0<\/strong><\/span><\/p>\n<p style=\"font-weight: 400\">Diff\u00e9rentes rencontres sont organis\u00e9es tout au long de l\u2019ann\u00e9e, comme par exemple\u00a0:<\/p>\n<p style=\"font-weight: 400\">*<strong>Lud\u2019\u00e9t\u00e9 <\/strong>(\u00e9v\u00e8nement national) qui pour la derni\u00e8re session en juillet 2022 a rassembl\u00e9 <strong>+ de 500 personnes sur une semaine<\/strong> dans les Alpes avec des dizaines d\u2019activit\u00e9s quotidiennes. Autant dire que le choix est difficile et que les nuits peuvent \u00eatre courtes\u00a0! D\u2019autres \u00e9v\u00e9nements nationaux se d\u00e9roulent \u00e0 diff\u00e9rents moments de l\u2019ann\u00e9e.<\/p>\n<p style=\"font-weight: 400\">* l\u2019<strong>EMAG<\/strong>, Le dernier <strong>\u00e9v\u00e9nement majeur europ\u00e9en<\/strong>, a eu lieu\u00a0<strong>\u00e0 Strasbourg<\/strong> du mercredi 27 au dimanche 31 juillet 2022 et a regroup\u00e9 735 inscrits de 35 pays pour 49 activit\u00e9s, 25 conf\u00e9rences et 32 workshops\u00a0! Le prochain aura lieu aux Pays-Bas.<\/p>\n<p><img decoding=\"async\" src=\"https:\/\/mensa-france.net\/alsace\/wp-content\/uploads\/sites\/50\/2022\/11\/D75_8201.jpg\" \/><\/p>\n<p style=\"text-align: right\"><span style=\"font-size: 10pt\"><em>Cr\u00e9dit photo : Olivier Bertucchi\u00a0<\/em><\/span><\/p>\n<p style=\"font-weight: 400\">Mensa propose <strong>SIGHT<\/strong>\u00a0: programme d\u2019\u00e9change international qui permet \u00e0 des Mensans du monde entier d\u2019accueillir et d\u2019aller rencontrer d\u2019autres M\u2019s.<\/p>\n<p>&nbsp;<\/p>\n<p style=\"font-weight: 400\"><strong><span style=\"font-size: 18pt\">Mensa \u00e0 distance :<\/span><\/strong><\/p>\n<p style=\"font-weight: 400\">Toute une partie des activit\u00e9s propos\u00e9es \u00e0 Mensa a \u00e9galement lieu \u00e0 distance.<\/p>\n<p style=\"font-weight: 400\">*<strong>GIS<\/strong>\u00a0: ce sont une cinquantaine de <strong>Groupements d\u2019Int\u00e9r\u00eats Sp\u00e9cifiques<\/strong> fran\u00e7ais dans lesquels chacun peut s\u2019inscrire et \u00e9changer en fonction de ce qui l\u2019int\u00e9resse. Par exemple\u00a0: arts culinaires, couture, jeux grandeur nature, ateliers d\u2019\u00e9criture, vie professionnelle, mais aussi voyage, sport et nutrition, jeux vid\u00e9os, HQI et surdouement, parentalit\u00e9 et \u00e9ducation et bien d\u2019autres\u00a0!<\/p>\n<p style=\"font-weight: 400\">*une centaine de <strong>conf\u00e9rences<\/strong> enregistr\u00e9es<\/p>\n<p style=\"font-weight: 400\">*diff\u00e9rentes <strong>newsletters<\/strong> et <strong>magazines <\/strong>(dont 130 accessibles num\u00e9riquement)<\/p>\n<p style=\"font-weight: 400\">*et m\u00eame groupes de paroles en langues \u00e9trang\u00e8res ou ateliers, font partie de la diversit\u00e9 propos\u00e9e aux membres.<\/p>\n<p style=\"font-weight: 400\">L\u2019association repose sur la richesse de ses membres et de ce qu\u2019ils partagent\u2026<\/p>\n<p style=\"font-weight: 400\">Mensa repr\u00e9sente une tr\u00e8s grande diversit\u00e9 de personnes et c\u2019est une des forces de l\u2019association\u00a0! La philosophie est de \u00ab\u00a0contribuer \u00e0 la reconnaissance de l\u2019intelligence sous toutes ses formes dans une optique humaniste et promouvoir dans un esprit de respect et de tol\u00e9rance une intelligence collective au service de l\u2019humanit\u00e9\u00a0\u00bb. Quel beau projet\u00a0!<\/p>\n<p style=\"font-weight: 400\">Pour toute question\u00a0: contactez Greg, C\u00e9dric et Anne-Catherine du bureau Alsace.<\/p>\n<p style=\"font-weight: 400\">Alors, quand est-ce que nous nous rencontrons\u00a0?<\/p>\n<ul style=\"font-weight: 400\">\n<li>Comment adh\u00e9rer ?\n<ul>\n<li>des <a href=\"https:\/\/mensa-france.net\/nous-rejoindre\/etre-admis-a-mensa\/admission-sur-test\/\">tests sont organis\u00e9s<\/a> r\u00e9guli\u00e8rement<\/li>\n<li>Par <a href=\"https:\/\/mensa-france.net\/nous-rejoindre\/etre-admis-a-mensa\/admission-sur-dossier\/\">dossier<\/a><\/li>\n<\/ul>\n<\/li>\n<\/ul>\n<ul style=\"font-weight: 400\">\n<li>Contacts :<\/li>\n<\/ul>\n<p><img loading=\"lazy\" decoding=\"async\" class=\"alignnone size-medium wp-image-237\" src=\"https:\/\/mensa-france.net\/alsace\/wp-content\/uploads\/sites\/50\/2022\/11\/71B1D011-6A1E-4EFC-ACD0-0EB9D481E143-300x74.png\" alt=\"\" width=\"300\" height=\"74\" srcset=\"https:\/\/mensa-france.net\/alsace\/wp-content\/uploads\/sites\/50\/2022\/11\/71B1D011-6A1E-4EFC-ACD0-0EB9D481E143-300x74.png 300w, https:\/\/mensa-france.net\/alsace\/wp-content\/uploads\/sites\/50\/2022\/11\/71B1D011-6A1E-4EFC-ACD0-0EB9D481E143.png 364w\" sizes=\"auto, (max-width: 300px) 100vw, 300px\" \/><\/p>\n<p><em>Cr\u00e9ation du logo : Olivier Bertucchi<\/em><\/p>\n","protected":false},"excerpt":{"rendered":"<p>Localement, en Alsace : En Alsace, nous comptons plus de 160 membres. Mensa est une association dynamique, notamment localement. Diff\u00e9rentes activit\u00e9s sont organis\u00e9es\u00a0: * repas mensuel en alternance 67\/68, *diverses sorties\u00a0propos\u00e9es par les membres : visite de mus\u00e9e, balade en Segway, sortie cano\u00eb, escape game, accrobranche, fresque du climat, expo photo, conf\u00e9rence etc, suivant les [&hellip;]<\/p>\n","protected":false},"author":412,"featured_media":0,"parent":0,"menu_order":0,"comment_status":"closed","ping_status":"closed","template":"","meta":{"_et_pb_use_builder":"","_et_pb_old_content":"","_et_gb_content_width":"","footnotes":""},"class_list":["post-231","page","type-page","status-publish","hentry"],"_links":{"self":[{"href":"https:\/\/mensa-france.net\/alsace\/wp-json\/wp\/v2\/pages\/231","targetHints":{"allow":["GET"]}}],"collection":[{"href":"https:\/\/mensa-france.net\/alsace\/wp-json\/wp\/v2\/pages"}],"about":[{"href":"https:\/\/mensa-france.net\/alsace\/wp-json\/wp\/v2\/types\/page"}],"author":[{"embeddable":true,"href":"https:\/\/mensa-france.net\/alsace\/wp-json\/wp\/v2\/users\/412"}],"replies":[{"embeddable":true,"href":"https:\/\/mensa-france.net\/alsace\/wp-json\/wp\/v2\/comments?post=231"}],"version-history":[{"count":2,"href":"https:\/\/mensa-france.net\/alsace\/wp-json\/wp\/v2\/pages\/231\/revisions"}],"predecessor-version":[{"id":272,"href":"https:\/\/mensa-france.net\/alsace\/wp-json\/wp\/v2\/pages\/231\/revisions\/272"}],"wp:attachment":[{"href":"https:\/\/mensa-france.net\/alsace\/wp-json\/wp\/v2\/media?parent=231"}],"curies":[{"name":"wp","href":"https:\/\/api.w.org\/{rel}","templated":true}]}}

<p style="font-weight: 400"><span style="font-size: 18pt"><strong>Localement, en Alsace :</strong></span></p>
<p style="font-weight: 400">En Alsace, nous comptons plus de 160 membres.</p>
<p style="font-weight: 400">Mensa est une association dynamique, notamment localement. Différentes activités sont organisées :</p>
<p style="font-weight: 400">* <strong>repas mensuel</strong> en alternance 67/68,</p>
<p style="font-weight: 400">*diverses sorties proposées par les membres : visite de musée, balade en Segway, sortie canoë, escape game, accrobranche, fresque du climat, expo photo, conférence etc, suivant les envies de chacun !</p>
<p style="font-weight: 400"><strong>Chaque membre peut participer</strong> et/ou organiser des <strong>événements, qu’ils soient locaux, nationaux, européens ou internationaux</strong> et a <strong>accès à toutes les ressources</strong> à disposition, y compris en ligne.</p>
<table style="border-collapse: collapse;width: 100%">
<tbody>
<tr>
<td style="width: 50%"><img decoding="async" src="https://mensa-france.net/alsace/wp-content/uploads/sites/50/2023/01/image005.jpg" /></td>
<td style="width: 50%"><img decoding="async" src="https://mensa-france.net/alsace/wp-content/uploads/sites/50/2022/11/image001.jpg" /></td>
</tr>
<tr>
<td style="width: 50%"><img decoding="async" src="https://mensa-france.net/alsace/wp-content/uploads/sites/50/2023/01/image004.jpg" /></td>
<td style="width: 50%"><img decoding="async" src="https://mensa-france.net/alsace/wp-content/uploads/sites/50/2023/01/image007.jpg" /></td>
</tr>
</tbody>
</table>
<p>&nbsp;</p>
<p style="font-weight: 400"><span style="font-size: 18pt"><strong>Evénements nationaux et internationaux : </strong></span></p>
<p style="font-weight: 400">Différentes rencontres sont organisées tout au long de l’année, comme par exemple :</p>
<p style="font-weight: 400">*<strong>Lud’été </strong>(évènement national) qui pour la dernière session en juillet 2022 a rassemblé <strong>+ de 500 personnes sur une semaine</strong> dans les Alpes avec des dizaines d’activités quotidiennes. Autant dire que le choix est difficile et que les nuits peuvent être courtes ! D’autres événements nationaux se déroulent à différents moments de l’année.</p>
<p style="font-weight: 400">* l’<strong>EMAG</strong>, Le dernier <strong>événement majeur européen</strong>, a eu lieu <strong>à Strasbourg</strong> du mercredi 27 au dimanche 31 juillet 2022 et a regroupé 735 inscrits de 35 pays pour 49 activités, 25 conférences et 32 workshops ! Le prochain aura lieu aux Pays-Bas.</p>
<p><img decoding="async" src="https://mensa-france.net/alsace/wp-content/uploads/sites/50/2022/11/D75_8201.jpg" /></p>
<p style="text-align: right"><span style="font-size: 10pt"><em>Crédit photo : Olivier Bertucchi </em></span></p>
<p style="font-weight: 400">Mensa propose <strong>SIGHT</strong> : programme d’échange international qui permet à des Mensans du monde entier d’accueillir et d’aller rencontrer d’autres M’s.</p>
<p>&nbsp;</p>
<p style="font-weight: 400"><strong><span style="font-size: 18pt">Mensa à distance :</span></strong></p>
<p style="font-weight: 400">Toute une partie des activités proposées à Mensa a également lieu à distance.</p>
<p style="font-weight: 400">*<strong>GIS</strong> : ce sont une cinquantaine de <strong>Groupements d’Intérêts Spécifiques</strong> français dans lesquels chacun peut s’inscrire et échanger en fonction de ce qui l’intéresse. Par exemple : arts culinaires, couture, jeux grandeur nature, ateliers d’écriture, vie professionnelle, mais aussi voyage, sport et nutrition, jeux vidéos, HQI et surdouement, parentalité et éducation et bien d’autres !</p>
<p style="font-weight: 400">*une centaine de <strong>conférences</strong> enregistrées</p>
<p style="font-weight: 400">*différentes <strong>newsletters</strong> et <strong>magazines </strong>(dont 130 accessibles numériquement)</p>
<p style="font-weight: 400">*et même groupes de paroles en langues étrangères ou ateliers, font partie de la diversité proposée aux membres.</p>
<p style="font-weight: 400">L’association repose sur la richesse de ses membres et de ce qu’ils partagent…</p>
<p style="font-weight: 400">Mensa représente une très grande diversité de personnes et c’est une des forces de l’association ! La philosophie est de « contribuer à la reconnaissance de l’intelligence sous toutes ses formes dans une optique humaniste et promouvoir dans un esprit de respect et de tolérance une intelligence collective au service de l’humanité ». Quel beau projet !</p>
<p style="font-weight: 400">Pour toute question : contactez Greg, Cédric et Anne-Catherine du bureau Alsace.</p>
<p style="font-weight: 400">Alors, quand est-ce que nous nous rencontrons ?</p>
<ul style="font-weight: 400">
<li>Comment adhérer ?
<ul>
<li>des <a href="https://mensa-france.net/nous-rejoindre/etre-admis-a-mensa/admission-sur-test/">tests sont organisés</a> régulièrement</li>
<li>Par <a href="https://mensa-france.net/nous-rejoindre/etre-admis-a-mensa/admission-sur-dossier/">dossier</a></li>
</ul>
</li>
</ul>
<ul style="font-weight: 400">
<li>Contacts :</li>
</ul>
<p><img loading="lazy" decoding="async" class="alignnone size-medium wp-image-237" src="https://mensa-france.net/alsace/wp-content/uploads/sites/50/2022/11/71B1D011-6A1E-4EFC-ACD0-0EB9D481E143-300x74.png" alt="" width="300" height="74" srcset="https://mensa-france.net/alsace/wp-content/uploads/sites/50/2022/11/71B1D011-6A1E-4EFC-ACD0-0EB9D481E143-300x74.png 300w, https://mensa-france.net/alsace/wp-content/uploads/sites/50/2022/11/71B1D011-6A1E-4EFC-ACD0-0EB9D481E143.png 364w" sizes="auto, (max-width: 300px) 100vw, 300px" /></p>
<p><em>Création du logo : Olivier Bertucchi</em></p>

<p>Localement, en Alsace : En Alsace, nous comptons plus de 160 membres. Mensa est une association dynamique, notamment localement. Différentes activités sont organisées : * repas mensuel en alternance 67/68, *diverses sorties proposées par les membres : visite de musée, balade en Segway, sortie canoë, escape game, accrobranche, fresque du climat, expo photo, conférence etc, suivant les [&hellip;]</p>
